).
-3
5 - 0 - 8 - -6
3
Evaluate -3 + (9 - 5) + 5.
6
What is the value of 0 - (5 - (7 + 2))?
4
-6 + (9 - (-5 + 9))
-1
Calculate 4 - (32 - 12) - -12.
-4
What is the value of 12 + -2 + -3 + -9?
-2
-2 - (-4 - 0) - 0 - -3
5
What is the value of (5 - 0) + (4 - (15 + -9))?
3
Evaluate 5 + (-10 - (-13 - -4)).
4
What is the value of 42 + -44 - (-1 + 4)?
-5
What is the value of (0 - 10) + 3 - (-12 - -9)?
-4
Calculate 1 - -3 - 4 - 0.
0
What is -6 + 15 - (-1 - -7)?
3
What is -1 + 4 - 5 - 0 - -3?
1
Evaluate 4 - (2 - -2) - (-1 - 0).
1
Calculate 3 + (-3 - -7) + -2.
5
Calculate 2 + -4 + (-5 - 5 - -8).
-4
Evaluate (-3 + -9 - (-4 - 4)) + 6.
2
1 + (-4 - (-5 - -6))
-4
What is (-2 + (8 - 3) - 2) + -5?
-4
(-9 - -1) + -1 - (51 + -52)
-8
2 - (-10 + (-2 - (5 + -14)))
5
Calculate -3 - (0 - ((3 - 5) + 2)).
-3
Calculate -2 - -1 - (-4 + (5 - 4)).
2
-5 + 8 + 7 + -9 + 4
5
Evaluate -3 + 11 - 5 - 1.
2
What is the value of 3 - 4 - 2 - -4?
1
Evaluate 6 + -3 + -3 + 1.
1
Evaluate 14 + -4 + -11 + 5 + -12.
-8
Calculate -22 + (25 - 9) - (-1 - 1).
-4
Calculate -2 - 2 - (12 + (-5 - 3)).
-8
Calculate -3 + (13 - 3) + -6 + -2.
-1
-9 + (4 - -7) + 1 + -6
-3
2 - -1 - (-7 + 7)
3
Evaluate 7 + -5 + 4 + -3.
3
Evaluate 4 + -7 + 0 - -2.
-1
What is the value of -33 - -27 - (-10 - -2)?
2
Evaluate -34 + 28 + (7 - 0).
1
Evaluate -4 + (-3 - 0 - -8) + 2.
3
Evaluate (-1 - -1) + 2 + 2.
4
(0 + 0 - -4) + -8
-4
What is 1 - -12 - (-34 + 46)?
1
-2 + 0 - (1 + -1)
-2
What is -3 - -6 - (4 - 3)?
2
What is -2 + -2 + (-1 - -9)?
4
What is the value of 3 + (6 - 2) - (6 + -1)?
2
Calculate (-2 - 0) + (9 - 9).
-2
What is 4 + -13 - (-5 + 3 + -5)?
-2
What is the value of (33 - 39) + (1 - 1) + 14?
8
Evaluate (-3 - (3 + -2)) + 19 + -19.
-4
What is the value of -8 + -1 - -7 - 0?
-2
-1 + -1 + -6 + (6 - 5)
-7
What is -3 - -3 - (2 + -4)?
2
Calculate -9 - (-6 + 13 + -8) - -4.
-4
What is the value of -1 - 9 - (106 + -121)?
5
What is 1 + (-2 + (6 - 1) - 0)?
4
What is 1 + (1 - (-1 - -2 - 4))?
5
Calculate 5 + (3 - 4) - (6 - -1).
-3
What is the value of (3 + (0 - 1) - -2) + -11?
-7
Evaluate 9 + (-10 - -7 - 3).
3
-2 - (-4 + 3 + -4 - -5)
-2
What is the value of -2 + 7 + (2 - 4 - -2)?
5
-1 - (5 + -5) - -1
0
What is the value of 3 - (5 + -3 - 3)?
4
1 + 0 - (0 + -9 - -4)
6
Evaluate (9 - 3) + (3 - 1 - 1).
7
What is the value of 0 - (-2 + -2 + 1 + -1)?
4
Evaluate 0 + (0 + 11 - 16).
-5
Calculate -5 - (-2 + -1 + 2 - 0).
-4
What is (-2 - -3) + -1 + 4?
4
Evaluate -1 - -3 - 3 - (11 + -9).
-3
-5 + (-3 - 4) - -7
-5
-7 - ((7 - 16) + 0)
2
-31 - -23 - (-2 - 3)
-3
What is the value of (4 - 2) + -2 - (5 - 8)?
3
What is the value of (3 + -1 - 2) + -5?
-5
Evaluate 5 + -4 - 4 - -8.
5
Evaluate -16 + 3 + 3 + -13 + 13.
-10
What is -9 - (3 - (14 + -8))?
-6
Evaluate 7 + -4 - (6 - (-1 - -13)).
9
(-4 - (1 + -6)) + (1 - 1)
1
Evaluate (10 - 9) + 1 + -2.
0
-1 + 2 + (7 - 10) - 1
-3
6 - (10 - (-1 - -3))
-2
What is the value of (-38 - -31) + -3 + 2 + 1?
-7
Evaluate 3 + 0 + (-13 - (-3 - 4)).
-3
What is the value of -3 + (-2 - (-3 - -2))?
-4
Evaluate -12 + (9 - 11) + 11.
-3
Calculate 1 + (1 - (0 + (2 - 2))).
2
What is -5 - (2 + 5 + (2 - 13))?
-1
(-6 - -4) + 3 + 1
2
Evaluate 68 + -71 + (8 + 1 - 1).
5
What is (-6 - -12 - 8) + 4 + -2?
0
Calculate (0 + -7 - -13) + -3 + 2.
5
What is the value of 6 + -1 - (21 + -20)?
4
What is (-2 - -4) + (1 - -1) + -2?
2
Calculate (3 - 0 - -7) + (-4 - 2).
4
What is the value of -6 + (-2 - -2) + 5 + 5?
4
Evaluate -5 + (13 + -15 - (-3 - 10)).
6
Evaluate (2 - -7) + -6 + -2.
1
Evaluate -3 + 7 + 1 + -10.
-5
Evaluate -13 + 9 + -7 + 4.
-7
Calculate 2 + 0 - (3 - 1).
0
0 + -2 + 1 - (-4 + 7)
-4
What is the value of -5 + -3 + 1 + 2 - 1?
-6
-3 + -2 - (1 - 3)
-3
Evaluate -6 + (7 - 4) - 1.
-4
Calculate -3 - (2 + -4 + 2).
-3
What is -6 + 3 + 6 - 0?
3
4 + (4 - (14 - 5))
-1
Calculate -14 - (9 - 41) - 14.
4
Calculate 5 - 0 - (-3 + (9 - 3)).
2
What is the value of 1 - ((-15 - -19) + (-1 - 2))?
0
What is 2 + (-3 - (-2 + 0 + 1))?
0
What is the value of (4 - -2) + -4 + 0?
2
Evaluate -2 + -6 + (-16 - -18).
-6
Evaluate -13 + 17 - (1 + 0).
3
What is 0 + -1 - (-5 + 5 - 4)?
3
6 + -4 - 0 - 1
1
(2 - (4 + -5 - -4)) + 0
-1
3 - (4 + 9 - 7)
-3
What is the value of 8 - 1 - 7 - 6?
-6
Evaluate 4 + (11 - 12) + 2 + 3.
8
Calculate (-1 - (2 - 3)) + -2 + 0.
-2
16 + -15 + 8 + 0
9
Evaluate -14 + 1 - (-28 - -13).
2
(7 - (-1 + 5)) + -1 + 0
2
(0 + 4 - 6) + 3
1
-1 + (-1 + 2 - (-1 - -1))
0
What is the value of -5 + 0 + -2 + 9 + 4?
6
What is 42 + -37 + (-10 - -1)?
-4
What is the value of -45 - -40 - (0 - 4 - 0)?
-1
What is the value of 11 - (7 + 0) - (-1 - -1)?
4
-8 + (-10 - -16) + -5
-7
Evaluate 8 + -9 + 7 - 4.
2
Evaluate 3 + 2 + (-1 - -1) + -2.
3
What is the value of 3 + -11 + -3 + 6?
-5
Calculate 2 + 3 + -2 - 8.
-5
What is (1 - 2 - 3) + (23 - 25)?
-6
-1 - (1 + -5 - -10)
-7
-4 - (2 + -2 - -2)
-6
Calculate (-2 - 1) + 52 + -51 - -3.
1
What is 7 + 1 + -6 + -4?
-2
Calculate 3 + 0 + -4 - -3.
2
What is -4 - (-17 + 7) - 2?
4
Calculate -1 + 13 - (-69 - -87).
-6
What is the value of 14 + -12 + 4 + (-3 - 0)?
3
What is -6 + (5 - 18) + 5 + 8?
-6
(0 + -1 + -4 - -2) + 3
0
Calculate (9 + -4 - 0) + -5 - 6.
-6
0 - (-4 - (-6 + 3))
1
What is -3 + 3 + -5 + 5 - -4?
4
Calculate -1 + -8 + (-2 - (-9 - -4)).
-6
What is the value of (6 - 1) + 6 - 2 - 3?
6
What is (7 - 8 - -3) + -7?
-5
What is the value of 3 + -2 + -1 + (-1 - -1)?
0
Evaluate -4 - 1 - (4 - 10).
1
(-17 + 20 - (1 + 5)) + 2
-1
(-1 - 2) + 1 + (-2 - -2)
-2
Evaluate 5 - ((-3 - -3) + 11 + -8).
2
-2 + -16 + -15 + 25
-8
1 + (3 - 2) + 0 + 0
2
Calculate 4 - (-1 + 6 + -5).
4
What is (3 - 4) + 6 + (-2 - -2)?
5
(-1 - (0 + -7)) + -17 - -5
-6
(7 - (10 + 1)) + 1 + 1
-2
What is 2 + -1 + -6 + 4?
-1
Evaluate 2 - ((9 - (-3 + 9)) + 1).
-2
What is the value of 13 - (-26 - -30 - (-2 + 0))?
7
What is (4 - 6) + 6 - -2 - 0?
6
-3 + 10 - (-5 - -13)
-1
What is the value of -11 + (28 - 16) + (1 - 7)?
-5
What is 5 - (-5 + 8 + -3)?
5
Calculate 1 - 1 - (-4 - -1).
3
7 - (0 + -1 - (5 - 6))
7
Calculate (-4 - -6) + 13 - 9.
6
Evaluate 0 + -7 + (-7 - -21).
7
What is -2 + 6 + (-2 - -5 - 15)?
-8
Evaluate -5 - (6 + -5 + -5).
-1
Evaluate -54 + 60 - (-2 + 0).
8
3 + (0 - 2) + 42 + -39
4
What is the value of (3 - 0) + -22 + -3 + 13?
-9
What is 5 - (3 - (-3 + 13 + -6))?
6
Evaluate -5 - (1 + (-4 + 1 - -1)).
-4
Evaluate 3 + (8 - 6 - (3 - 0)).
2
Evaluate 0 - (8 - 4 - 10).
6
What is -6 - -2 - (-10 - (-4 + -1))?
1
What is (-50 - -46) + (-2 - -2)?
-4
What is (-3 - (0 - 0)) + (-7 - -10)?
0
Calculate 15 - (5 - -15) - (1 - 4).
-2
Evaluate (-8 - -6) + -1 + 6.
3
What is the value of (0 - (-1 + 3 + 0)) + 3?
1
-4 + (-4 - -8) - -3
3
Evaluate (-2 - 4) + 11 + 0.
5
What is the value of -5 + ((-4 - -10) + -6 - 1)?
-6
What is the value of 27 + -40 - (-6 - 1)?
-6
What is the value of 0 - -7 - (-42 - -45)?
4
What is the value of -3 - (12 - (1 - -21))?
7
Calculate -3 + (3 - 8 - (5 + -8)).
-5
5 - (4 - (-3 + 4 - 1))
1
-4 + (-8 + 7 - -7)
2
Evaluate 1 + 0 + 2 + 1 + -10.
-6
What is the value of -2 + (-1 - -1 - -1) - -2?
1
0 - -1 - (7 + -8)
2
What is the value of -8 + -1 - (57 + -63)?
-3
Evaluate -3 - (10 + -6 + -11).
4
3 - 16 - -9 - (-6 + 1)
1
What is the value of 2 + -1 + -1 + 2 - -3?
5
What is the value of 0 + 4 - (15 + -13)?
2
2 - (-7 + 1 + 9)
-1
(-1 - -3) + -5 + -2 + 8
3
What is the value of 0 - (7 - 5) - -7?
5
Calculate -2 + 2 - (1 - -5 - 6).
0
What is the value of 0 + -1 + -4 + 0?
-5
-5 - (-9 + 19 + -25)
10
What is the value of -10 - (2 - -2) - -14?
0
Calculate (15 + -4 - 22) + 16.
5
Calculate -13 - (-6 + 15 + -15).
-7
Calculate (-3 - 0) + (19 - 14 - 9).
-7
0 + -10 + 10 + -4
-4
Evaluate -1 - (6 - -7 - 2 - 6).
-6
What is (-3 - 11) + -3 + 9?
-8
Calculate (1 - 1 - 5) + (39 - 39).
-5
What is the value of -4 - (-2 + -6 + 4) - 1?
-1
What is -1 + -1 - (0 - (11 + -10))?
-1
(-2 - -2) + 4 - (22 + -20)
2
What is -13 + -3 + 11 - (1 - 7)?
1
What is the value of (5 - 3 - -6) + (4 - 11)?
1
Evaluate -7 - ((2 - -6) + (-5 - 0)).
-10
What is (2 - 3) + (6 - (7 + -11))?
9
Calculate 13 + (-21 - (2 + -9)).
-1
What is (6 - -11 - 9) + -4?
4
Evaluate 5 - -1 - (8 + (-17 - -13)).
2
10 + 1 + -1 + -5
5
What is 11 + -7 - ((-2 - -3) + 5)?
-2
What is 0 - (4 - 1) - -3 - 2?
-2
10 + 0 + -4 - 6
0
Evaluate -3 + 9 + (1 - (11 + -6)).
2
(0 - -3) + -1 + 4 - 7
-1
What is the value of 1 + (-7 - (-21 - (-3 + -4)))?
8
Evaluate -21 + 27 + (1 - 8).
-1
What is